
Suppose -144*o - 175 = -151*o. Let p(q) = 34*q - 4. Calculate the remainder when p(3) is divided by o.
23
Suppose 59 = v - 18. Suppose -4*x + 2*w + 76 = 0, 5*w = 3*x - 0*x - 50. What is the remainder when v is divided by x?
17
Let q be ((-18)/30)/((-2)/110). Let c = 17 + q. What is the remainder when c is divided by 26?
24
Calculate the remainder when (-5166)/(-10) - 8/(-20) is divided by 52.
49
Let x = -3 - -21. Suppose -12*o = -13*o + x. Calculate the remainder when o is divided by 5.
3
Suppose -5 = -p, -2*p + 16 = 3*s - 6*p. Suppose -4 = 2*m + 2*m. Let k = 4 - m. Calculate the remainder when s is divided by k.
2
Let m(d) be the first derivative of -5*d**2/2 - 4*d + 10. Calculate the remainder when m(-3) is divided by 5.
1
Suppose 4*x - j + 359 = 2*x, 2*j = -x - 167. Suppose 2*g - 22 - 4 = 0. What is the remainder when 4 - 4/((-12)/x)*-1 is divided by g?
11
Suppose -3*x - 2*j + 1 = 0, -4*j - 7 = -2*x - x. What is the remainder when 1/(51/12 - 4) is divided by x?
0
Suppose 5*z = -15, -3*x + 4*z - z + 138 = 0. Suppose 11 = 4*m + 35. Let a = m + 21. Calculate the remainder when x is divided by a.
13
Suppose -2*m - 13 = -0*w - 3*w, -4*m = -4. Suppose 3*a + 45 = w*i, -37 = -4*i + 2*a - 1. What is the remainder when 16 is divided by i?
7
Suppose u = -5*o - 8, 9 = -5*o - 11. Calculate the remainder when 23 is divided by u.
11
Let h = -144 + 157. Let t = -5 - -31. What is the remainder when t is divided by h?
0
Let h(m) = -m - 7. Suppose -2*o - 8 = 0, 4*o = g + g - 2. Let l be (-3)/(3/4) + g. What is the remainder when 8 is divided by h(l)?
0
Suppose 985 = 3*l + 322. What is the remainder when l is divided by 32?
29
Suppose -36 = -4*k + 4*a - 3*a, -4*k = 3*a - 36. Let t = 177 - 174. Suppose t*h + 7*c - 6 = 5*c, 3*h - 4*c = 6. Calculate the remainder when k is divided by h.
1
Let o(z) = 0 - 6 - 26 - 3*z. Calculate the remainder when 99 is divided by o(-19).
24
Let u(i) = -i**2 + 8*i - 7. Let l be 1 + (118 - (-6 - -2)). Let c = -121 + l. What is the remainder when u(6) is divided by c?
1
Let g be (-272)/(-40)*3/(3/5). Calculate the remainder when 45 is divided by g/6 - (-4)/12.
3
Let y(o) = o**3 + 8*o**2 + 10*o + 6. Calculate the remainder when 109 is divided by y(-4).
19
Suppose 0 = -65*z + 43 + 2102. Let m = -30 + 92. What is the remainder when m is divided by z?
29
Suppose j - 9 = 4*z, -z - 63 = -5*j + z. Let u(y) = -y**2 + 17*y - 11. What is the remainder when u(j) is divided by 22?
19
Suppose -658 + 690 = 2*q. Calculate the remainder when q is divided by 1.
0
Let j = 178 + 274. Calculate the remainder when j is divided by 57.
53
Calculate the remainder when 67 is divided by 7 + (-24)/4 - -16.
16
Let t(k) = -2*k**3 + 19*k**2 - 17*k - 13. What is the remainder when t(8) is divided by 16?
11
Let d(i) = 2*i**2 - 59*i - 75. What is the remainder when d(34) is divided by 39?
36
Calculate the remainder when 43 is divided by (((-2)/(-6))/1)/(24/1368).
5
Calculate the remainder when 1/(-4 + ((-1445)/(-360) - 0)) is divided by 23.
3
Let c = 8 + -17. Let m = c + 26. Suppose -m = -4*k + 55. Calculate the remainder when k is divided by 4.
2
Let w = -515 - -613. What is the remainder when 582 is divided by w?
92
Let j(o) = -3*o + 5*o + o - 4*o + 8. Let i be j(6). Suppose 2*u - 200 = -i*u. What is the remainder when u is divided by 17?
16
What is the remainder when 78 is divided by (8 - 7) + (-1)/(-1) - -25?
24
Let h = 122 - 94. Calculate the remainder when h is divided by 3.
1
Let r(o) = o**2 - 8*o + 19. Suppose 55 = -2*s - 3*s. Let f = 1 - s. What is the remainder when f is divided by r(4)?
0
Let u = 73 + -70. Suppose a = 3*o - 20, -4*a + u = o - 8. What is the remainder when 40 is divided by o?
5
Let w = -6 + 23. Suppose 108 = -3*z + 7*z. Let n = z - w. Calculate the remainder when 28 is divided by n.
8
Let h(o) = 5*o**2 + o - 2. Let q(k) = 4*k**2 - 5*k + 5. Let t be q(2). Suppose -t*i + 295 = -222. What is the remainder when i is divided by h(-2)?
15
Suppose -2*f + 4*f - 68 = 0. Let s = f - 21. Calculate the remainder when 7 - 45*(-4)/6 is divided by s.
11
Let x = 70 + 58. Calculate the remainder when x is divided by 27.
20
Suppose 4*l = -3*v + 100, l - 2*v - v - 10 = 0. Suppose 14 + 31 = -3*o. What is the remainder when o/2*(-126)/15 is divided by l?
19
Let m = 247 - 212. What is the remainder when m is divided by 15?
5
Let l(k) = -k**2 - 12*k - 8. Let q be l(-6). Let c = q + 5. Calculate the remainder when 129 is divided by c.
30
Calculate the remainder when -5*((-147)/35 + 1) is divided by 7.
2
Let d(z) = 3*z**3 - 32*z**2 + 2*z + 22. Let y(i) = i**3 - 11*i**2 + i + 7. Let n(f) = -3*d(f) + 8*y(f). What is the remainder when 28 is divided by n(8)?
4
Suppose 4*p = 358 - 78. Suppose -2*l + 5*b = 3*l - p, -4*l - b = -61. What is the remainder when 29 is divided by l?
14
What is the remainder when 360 is divided by 201/6 - (-2)/(-4)*1?
30
Calculate the remainder when (2100/(-80))/(2/(-8)) is divided by 38.
29
Let y = -70 - -191. Let h = 203 - y. What is the remainder when h is divided by 17?
14
Suppose -3*i - 3*b + 42 = -6*b, 2*i - 3*b - 25 = 0. Suppose -f - 4*f = -22*f + 731. What is the remainder when f is divided by i?
9
Suppose 32*h + 16*h = 1392. What is the remainder when h is divided by 4?
1
Let f = -67 - -85. Calculate the remainder when 34 is divided by f.
16
Let o = -2029 - -2178. Calculate the remainder when 157 is divided by o.
8
Suppose -4*c - 90 = -m, m + c - 105 = -0*c. Let x = -64 + m. Calculate the remainder when x is divided by 13.
12
Let v = 14 + -10. Let g be ((-6)/(-9))/(-1 + (-70)/(-66)). Let y = g + v. What is the remainder when 29 is divided by y?
14
Let w(b) be the second derivative of b**3/2 - 4*b**2 - 2*b. Let d be ((-16)/8)/((-3)/12). Calculate the remainder when 61 is divided by w(d).
13
Let k be (-16)/(-40) + (-12)/5. Calculate the remainder when 11 is divided by k/(-3) + 60/18.
3
Suppose 0 = 4*t - 0*t - 76. Let i(l) = l**3 + 4*l**2 - l. Let y be i(-4). Let m(f) = f + 1. What is the remainder when t is divided by m(y)?
4
Suppose -5*x - 17 = -w, -5*x - 83 = -4*w - 0*x. Suppose l = -0*l - 5*b + w, 1 = l - 2*b. What is the remainder when 12 is divided by l?
5
Let i = -4 + 10. Let y(x) = x**2 + 3. Let v be y(-2). Let r = 11 - v. Calculate the remainder when i is divided by r.
2
Calculate the remainder when (44/12)/((-4)/(-684)) is divided by 17.
15
Suppose -292 = -5*a - 17. Calculate the remainder when a is divided by 26 - (-4 - 1 - -3).
27
Suppose 3*z = -84 + 285. Suppose -3*y - 2*r + z - 12 = 0, 2*r - 85 = -5*y. Suppose 34*d - 41*d + 203 = 0. Calculate the remainder when d is divided by y.
14
Suppose -l - 3 = 0, w + 2*l = -0*w. Suppose -t = 3*g - 1, -w*t = -t + 4*g - 16. Suppose -t*h + 0*h + 88 = 0. Calculate the remainder when 85 is divided by h.
19
Let s = 55 + -87. Let u be 8/s - (-7)/(-4). Calculate the remainder when u/((-3)/((-972)/(-8))) is divided by 28.
25
Suppose -5*h + 13 = -2*p, 4*h + 3*p + 0 = 15. Let q = h - -3. Suppose 5*n = -2*z + 6, -5*z + 15 = -3*n + n. What is the remainder when q is divided by z?
0
Let g = 200 + -181. What is the remainder when 71 is divided by g?
14
Let n = 57 + -98. Let a = -25 - n. Let c = a + -7. Calculate the remainder when 32 is divided by c.
5
Suppose k + 3*j - 3 = 5, -3*k = 4*j - 24. Let a = k + 3. Let n = 11 - 4. What is the remainder when a is divided by n?
4
Suppose -w - 2*s - 39 = 0, -w + 4*s - 167 = 2*w. Let l be (-6*6/72)/(1/66). Let v = l - w. Calculate the remainder when 76 is divided by v.
12
Suppose 2*u - 4*h - 26 = 0, -2*u - h + 6 = -0. What is the remainder when ((-442)/39)/(-1 - (-2)/6) is divided by u?
2
Suppose 6*q + 8 = 10*q. Suppose q*n - 3*n + 15 = 0. What is the remainder when 56 is divided by n?
11
Let r(p) = -p**2 - 11*p + 3. Suppose -17 - 27 = -4*f. Let m be 0 + -3 - (f + -5). Calculate the remainder when r(m) is divided by 12.
9
Suppose 17 = 3*q - 2*q. Suppose -3 = 6*w - 3*w, -5*l = -2*w - 2. Suppose -23*t + 27*t - 40 = l. Calculate the remainder when q is divided by t.
7
Let p = 24 - 12. Suppose -r = -4*r - 3. Calculate the remainder when (2 - r) + 22*2 is divided by p.
11
Suppose 10*i + 0*i = 290. Let w = i + -12. Calculate the remainder when w is divided by (-3)/6 - (-38)/4.
8
Suppose 226*u - 217*u - 3384 = 0. What is the remainder when u is divided by 19?
